{"id":118,"date":"2016-01-11T18:34:08","date_gmt":"2016-01-11T18:34:08","guid":{"rendered":"https:\/\/kalifaticoexpialidoso.wordpress.com\/?page_id=118"},"modified":"2016-01-11T18:34:08","modified_gmt":"2016-01-11T18:34:08","slug":"hablar-en-publico","status":"publish","type":"page","link":"http:\/\/www.juanramonplana.es\/index.php\/como-te-puedo-ayudar\/hablar-en-publico\/","title":{"rendered":"T\u00fa eres tu propia marca"},"content":{"rendered":"<h2>Curso \/Taller: Estrategias y T\u00e9cnicas para hablar en p\u00fablico<\/h2>\n<p>Hablar en p\u00fablico constituye un arte, el de la Oratoria, que implica la totalidad de la persona, su cuerpo y su mente. Mediante una metodolog\u00eda heterog\u00e9nea y eminentemente pr\u00e1ctica, el participante incorpora a su forma personal de comunicarse una amplia gama de recursos procedentes de las m\u00e1s variadas disciplinas. Todo ello le va a dotar de confianza, energ\u00eda, oportunidad, y capacidad de transmitir racional y emocionalmente, con el coraz\u00f3n en la cabeza. Afianzar\u00e1 as\u00ed su \u201cpersonal branding\u201d, su marca personal, dejando una aut\u00e9ntica huella en su auditorio.<\/p>\n<p>El Curso \/ Taller se impartir\u00e1 en diferentes niveles de profundizaci\u00f3n y pr\u00e1ctica:<\/p>\n<p><strong>NIVEL B\u00c1SICO<\/strong>: Durante un fin de semana: 8 horas.<br \/>\n<strong>NIVEL MEDIO<\/strong>: 8 sesiones de 2 horas: 16 horas (a lo largo de dos meses).<br \/>\n<strong>NIVEL EXPERTO<\/strong>: 35 horas repartidas en sesiones de 4 horas (viernes tarde y s\u00e1bado ma\u00f1ana durante 4 semanas).<br \/>\nImpartido por Juan Ram\u00f3n Plana Pujol y Bel\u00e9n Boville Luca de Tena.<\/p>\n<p><strong>Juan Ram\u00f3n Plana<\/strong> es:<br \/>\nConferenciante, profesor y escritor espa\u00f1ol experto en Marketing y Comunicaci\u00f3n Empresarial.<br \/>\nEx director general de la Asociaci\u00f3n Espa\u00f1ola de Anunciantes (1997-2014),Director comercial de Telemadrid. Director de marketing y ventas de Paradores.<br \/>\nDiplomado en Ciencias Empresariales (ICADE). Licenciado por la Escuela Oficial de Turismo.<\/p>\n<p><strong>Bel\u00e9n Boville<\/strong> es:<br \/>\nEscritora, periodista y guionista.<br \/>\nDoctora en Geograf\u00eda e Historia (Universidad Complutense)<br \/>\nM\u00e1ster en Educaci\u00f3n Ambiental (UNED) y Postgrado en Gesti\u00f3n Empresarial y Direcci\u00f3n de Comunicaci\u00f3n (IE Business School).<\/p>\n<p><a href=\"https:\/\/kalifaticoexpialidoso.wordpress.com\/contacto\/\">Para m\u00e1s informaci\u00f3n contactar<\/a><\/p>\n<p>&nbsp;<\/p>\n","protected":false},"excerpt":{"rendered":"<p>Curso \/Taller: Estrategias y T\u00e9cnicas para hablar en p\u00fablico Hablar en p\u00fablico constituye un arte, el de la Oratoria, que &hellip;<\/p>\n<p><a href=\"http:\/\/www.juanramonplana.es\/index.php\/como-te-puedo-ayudar\/hablar-en-publico\/\">Continue reading <span class=\"meta-nav\">&rarr;<\/span><\/a><\/p>\n","protected":false},"author":1,"featured_media":323,"parent":98,"menu_order":1,"comment_status":"closed","ping_status":"closed","template":"","meta":{"footnotes":""},"_links":{"self":[{"href":"http:\/\/www.juanramonplana.es\/index.php\/wp-json\/wp\/v2\/pages\/118"}],"collection":[{"href":"http:\/\/www.juanramonplana.es\/index.php\/wp-json\/wp\/v2\/pages"}],"about":[{"href":"http:\/\/www.juanramonplana.es\/index.php\/wp-json\/wp\/v2\/types\/page"}],"author":[{"embeddable":true,"href":"http:\/\/www.juanramonplana.es\/index.php\/wp-json\/wp\/v2\/users\/1"}],"replies":[{"embeddable":true,"href":"http:\/\/www.juanramonplana.es\/index.php\/wp-json\/wp\/v2\/comments?post=118"}],"version-history":[{"count":1,"href":"http:\/\/www.juanramonplana.es\/index.php\/wp-json\/wp\/v2\/pages\/118\/revisions"}],"predecessor-version":[{"id":478,"href":"http:\/\/www.juanramonplana.es\/index.php\/wp-json\/wp\/v2\/pages\/118\/revisions\/478"}],"up":[{"embeddable":true,"href":"http:\/\/www.juanramonplana.es\/index.php\/wp-json\/wp\/v2\/pages\/98"}],"wp:featuredmedia":[{"embeddable":true,"href":"http:\/\/www.juanramonplana.es\/index.php\/wp-json\/wp\/v2\/media\/323"}],"wp:attachment":[{"href":"http:\/\/www.juanramonplana.es\/index.php\/wp-json\/wp\/v2\/media?parent=118"}],"curies":[{"name":"wp","href":"https:\/\/api.w.org\/{rel}","templated":true}]}}