{"id":471,"date":"2020-12-10T15:40:15","date_gmt":"2020-12-10T15:40:15","guid":{"rendered":"http:\/\/www.juanramonplana.es\/?page_id=471"},"modified":"2020-12-10T15:45:49","modified_gmt":"2020-12-10T15:45:49","slug":"gran-exito-del-libro-personal-branding-escrito-en-colaboracion-con-11-autores-mas","status":"publish","type":"page","link":"http:\/\/www.juanramonplana.es\/index.php\/gran-exito-del-libro-personal-branding-escrito-en-colaboracion-con-11-autores-mas\/","title":{"rendered":"Gran \u00e9xito del Libro Personal Branding escrito en colaboraci\u00f3n con 11 autores m\u00e1s"},"content":{"rendered":"<p>El concepto de M<em>arca Personal<\/em>\u00a0surgi\u00f3 en la literatura empresarial de los Estados Unidos a finales del siglo pasado. Fue ideado por Tom Peters que cerraba un art\u00edculo\u00a0publicado el 31 de agosto de 1997 y titulado \u201cThe brand called you\u201d con un p\u00e1rrafo que ya es historia del Personal Branding:<\/p>\n<p><em>\u201cIt\u2019s this simple: You are a brand. You are in charge of your brand. There is no single path to success. And there is no one right way to create the brand called You. Except this: Start today. Or else\u201d.<\/em><\/p>\n<p>Diez a\u00f1os despu\u00e9s, apenas se hablaba a\u00fan de Marca Personal en Espa\u00f1a y es entonces cuando decido poner en marcha un proyecto que acabar\u00eda cristalizando en abril de 2010 cuando M\u00f3nica Deza le dio el empuj\u00f3n definitivo montando, junto a MasCuota, la jornada \u201cPersonal Branding. 1er encuentro de Gesti\u00f3n de la Marca Personal para directivos y ejecutivos\u201d, reuniendo a expertos como Andr\u00e9s P\u00e9rez Ortega (otro pionero en esto de la marca personal), Jos\u00e9 Manuel Casado, Eduardo Garc\u00eda Matilla, \u00cdcaro Moyano, Pablo Melchor, Ram\u00f3n Pradera, \u00d3scar Bilbao, la propia M\u00f3nica y yo\u2026 una gran experiencia. Tan grande, que de all\u00ed sali\u00f3 el libro colaborativo PERSONAL BRANDING (Madrid Excellence, 2010) y que puedes\u00a0<a href=\"https:\/\/u.pcloud.link\/publink\/show?code=XZhtUlkZArHXdsPhA0Jj9g7dQrUHGuSJXLq7\" target=\"_blank\" rel=\"noopener noreferrer\">descargar aqu\u00ed<\/a>\u00a0de forma gratuita.<\/p>\n<p>Han pasado 14 a\u00f1os, las redes sociales han crecido de manera exponencial desde que abri\u00e9ramos nuestra\u00a0<a href=\"https:\/\/www.facebook.com\/TuEresUnaMarca\" target=\"_blank\" rel=\"noopener noreferrer\">p\u00e1gina de Facebook<\/a>, el Personal Branding se considera ya una disciplina y la marca personal algo imprescindible en un momento en el que el online nos ha expuesto como personas, como profesionales, de una manera que ni siquiera Tom Peters pudo imaginar.<\/p>\n","protected":false},"excerpt":{"rendered":"<p>El concepto de Marca Personal\u00a0surgi\u00f3 en la literatura empresarial de los Estados Unidos a finales del siglo pasado. Fue ideado &hellip;<\/p>\n<p><a href=\"http:\/\/www.juanramonplana.es\/index.php\/gran-exito-del-libro-personal-branding-escrito-en-colaboracion-con-11-autores-mas\/\">Continue reading <span class=\"meta-nav\">&rarr;<\/span><\/a><\/p>\n","protected":false},"author":2,"featured_media":0,"parent":0,"menu_order":0,"comment_status":"closed","ping_status":"closed","template":"","meta":{"footnotes":""},"_links":{"self":[{"href":"http:\/\/www.juanramonplana.es\/index.php\/wp-json\/wp\/v2\/pages\/471"}],"collection":[{"href":"http:\/\/www.juanramonplana.es\/index.php\/wp-json\/wp\/v2\/pages"}],"about":[{"href":"http:\/\/www.juanramonplana.es\/index.php\/wp-json\/wp\/v2\/types\/page"}],"author":[{"embeddable":true,"href":"http:\/\/www.juanramonplana.es\/index.php\/wp-json\/wp\/v2\/users\/2"}],"replies":[{"embeddable":true,"href":"http:\/\/www.juanramonplana.es\/index.php\/wp-json\/wp\/v2\/comments?post=471"}],"version-history":[{"count":2,"href":"http:\/\/www.juanramonplana.es\/index.php\/wp-json\/wp\/v2\/pages\/471\/revisions"}],"predecessor-version":[{"id":480,"href":"http:\/\/www.juanramonplana.es\/index.php\/wp-json\/wp\/v2\/pages\/471\/revisions\/480"}],"wp:attachment":[{"href":"http:\/\/www.juanramonplana.es\/index.php\/wp-json\/wp\/v2\/media?parent=471"}],"curies":[{"name":"wp","href":"https:\/\/api.w.org\/{rel}","templated":true}]}}

Gran éxito del Libro Personal Branding escrito en colaboración con 11 autores más

<p>El concepto de M<em>arca Personal</em> surgió en la literatura empresarial de los Estados Unidos a finales del siglo pasado. Fue ideado por Tom Peters que cerraba un artículo publicado el 31 de agosto de 1997 y titulado “The brand called you” con un párrafo que ya es historia del Personal Branding:</p>
<p><em>“It’s this simple: You are a brand. You are in charge of your brand. There is no single path to success. And there is no one right way to create the brand called You. Except this: Start today. Or else”.</em></p>
<p>Diez años después, apenas se hablaba aún de Marca Personal en España y es entonces cuando decido poner en marcha un proyecto que acabaría cristalizando en abril de 2010 cuando Mónica Deza le dio el empujón definitivo montando, junto a MasCuota, la jornada “Personal Branding. 1er encuentro de Gestión de la Marca Personal para directivos y ejecutivos”, reuniendo a expertos como Andrés Pérez Ortega (otro pionero en esto de la marca personal), José Manuel Casado, Eduardo García Matilla, Ícaro Moyano, Pablo Melchor, Ramón Pradera, Óscar Bilbao, la propia Mónica y yo… una gran experiencia. Tan grande, que de allí salió el libro colaborativo PERSONAL BRANDING (Madrid Excellence, 2010) y que puedes <a href="https://u.pcloud.link/publink/show?code=XZhtUlkZArHXdsPhA0Jj9g7dQrUHGuSJXLq7" target="_blank" rel="noopener noreferrer">descargar aquí</a> de forma gratuita.</p>
<p>Han pasado 14 años, las redes sociales han crecido de manera exponencial desde que abriéramos nuestra <a href="https://www.facebook.com/TuEresUnaMarca" target="_blank" rel="noopener noreferrer">página de Facebook</a>, el Personal Branding se considera ya una disciplina y la marca personal algo imprescindible en un momento en el que el online nos ha expuesto como personas, como profesionales, de una manera que ni siquiera Tom Peters pudo imaginar.</p>

<p>El concepto de Marca Personal surgió en la literatura empresarial de los Estados Unidos a finales del siglo pasado. Fue ideado &hellip;</p>
<p><a href="http://www.juanramonplana.es/index.php/gran-exito-del-libro-personal-branding-escrito-en-colaboracion-con-11-autores-mas/">Continue reading <span class="meta-nav">&rarr;</span></a></p>
